 the remainder when 1945541 is divided by 2153.
1382
What is the remainder when 383195 is divided by 34?
15
Calculate the remainder when 562355 is divided by 1207.
1100
What is the remainder when 8001 is divided by 7275?
726
Calculate the remainder when 211371 is divided by 68297.
6480
Calculate the remainder when 4322938 is divided by 3902.
3424
Calculate the remainder when 270525 is divided by 9286.
1231
What is the remainder when 554420 is divided by 184801?
17
Calculate the remainder when 1521087 is divided by 24144.
15
What is the remainder when 143796 is divided by 5730?
546
What is the remainder when 13963557 is divided by 474?
465
What is the remainder when 363838 is divided by 90842?
470
What is the remainder when 72071 is divided by 7165?
421
Calculate the remainder when 317635 is divided by 105849.
88
What is the remainder when 22765708 is divided by 186604?
20
What is the remainder when 44189236 is divided by 66?
58
Calculate the remainder when 605321 is divided by 1657.
516
What is the remainder when 38706 is divided by 2957?
265
What is the remainder when 349501 is divided by 5295?
31
What is the remainder when 201747 is divided by 1925?
1547
What is the remainder when 13738722 is divided by 99?
96
Calculate the remainder when 21177577 is divided by 4401.
4366
What is the remainder when 4173169 is divided by 5862?
5287
Calculate the remainder when 3867465 is divided by 22.
19
What is the remainder when 7921059 is divided by 107041?
25
Calculate the remainder when 47617139 is divided by 642.
641
Calculate the remainder when 29885722 is divided by 4384.
4378
Calculate the remainder when 15431 is divided by 3010.
381
Calculate the remainder when 65616 is divided by 16192.
848
What is the remainder when 29235358 is divided by 280?
278
What is the remainder when 677887 is divided by 220?
67
Calculate the remainder when 58471906 is divided by 34.
32
What is the remainder when 270462 is divided by 113?
53
What is the remainder when 4875735 is divided by 62?
55
What is the remainder when 6065752 is divided by 147945?
7
What is the remainder when 2130976 is divided by 33?
1
What is the remainder when 250841 is divided by 125420?
1
Calculate the remainder when 46238 is divided by 46165.
73
What is the remainder when 36730153 is divided by 3426?
7
Calculate the remainder when 20064 is divided by 19227.
837
Calculate the remainder when 85477 is divided by 93.
10
Calculate the remainder when 922341 is divided by 2562.
21
What is the remainder when 15878287 is divided by 39?
22
Calculate the remainder when 823779 is divided by 32951.
4
Calculate the remainder when 2651694 is divided by 2651690.
4
Calculate the remainder when 31751736 is divided by 5368.
16
What is the remainder when 16125 is divided by 1812?
1629
Calculate the remainder when 144641 is divided by 46.
17
Calculate the remainder when 14343116 is divided by 5.
1
Calculate the remainder when 43441 is divided by 557.
552
Calculate the remainder when 13128313 is divided by 115.
28
Calculate the remainder when 324320 is divided by 324189.
131
Calculate the remainder when 164447 is divided by 164070.
377
What is the remainder when 11126973 is divided by 171184?
13
Calculate the remainder when 96384 is divided by 2920.
24
What is the remainder when 25721065 is divided by 78?
19
What is the remainder when 84028505 is divided by 197250?
5
Calculate the remainder when 3637029 is divided by 84.
81
Calculate the remainder when 884825 is divided by 4757.
23
Calculate the remainder when 2531473 is divided by 324.
61
Calculate the remainder when 48051 is divided by 24004.
43
Calculate the remainder when 8626146 is divided by 1725229.
1
What is the remainder when 191369 is divided by 63021?
2306
Calculate the remainder when 7034192 is divided by 72.
8
Calculate the remainder when 14075375 is divided by 3423.
3422
What is the remainder when 517012 is divided by 205?
2
What is the remainder when 73365 is divided by 7335?
15
What is the remainder when 931284 is divided by 1796?
956
What is the remainder when 19314390 is divided by 16?
6
What is the remainder when 7998 is divided by 10?
8
What is the remainder when 1156876 is divided by 372?
328
What is the remainder when 3930141 is divided by 484?
61
Calculate the remainder when 215501 is divided by 190.
41
Calculate the remainder when 27552000 is divided by 1466.
1462
What is the remainder when 2672340 is divided by 9?
6
Calculate the remainder when 519237 is divided by 71.
14
What is the remainder when 76855 is divided by 12648?
967
Calculate the remainder when 41404 is divided by 3176.
116
Calculate the remainder when 379556 is divided by 19974.
50
Calculate the remainder when 2830699 is divided by 1316.
1299
Calculate the remainder when 105655392 is divided by 689.
687
What is the remainder when 71599 is divided by 44?
11
What is the remainder when 3148808 is divided by 326?
300
Calculate the remainder when 5339496 is divided by 11.
8
What is the remainder when 457419 is divided by 442?
391
Calculate the remainder when 224325345 is divided by 138.
135
What is the remainder when 37475 is divided by 788?
439
Calculate the remainder when 4211304 is divided by 1403681.
261
Calculate the remainder when 63916536 is divided by 261953.
4
Calculate the remainder when 121843004 is divided by 28.
24
What is the remainder when 14041959 is divided by 20?
19
Calculate the remainder when 594623 is divided by 59462.
3
Calculate the remainder when 2190671 is divided by 1205.
1186
Calculate the remainder when 3489826 is divided by 13219.
10
Calculate the remainder when 22681177 is divided by 22681140.
37
What is the remainder when 4573061 is divided by 2773?
384
What is the remainder when 874143 is divided by 118?
117
Calculate the remainder when 90847173 is divided by 62.
61
What is the remainder when 13750161 is divided by 246?
237
Calculate the remainder when 29444 is divided by 1773.
1076
What is the remainder when 85596 is divided by 357?
273
Calculate the remainder when 3767 is divided by 3087.
680
Calculate the remainder when 74505678 is divided by 2143.
2140
What is the remainder when 3072508 is divided by 544?
540
Calculate the remainder when 428071026 is divided by 12696.
12690
Calculate the remainder when 9725079 is divided by 40353.
6
Calculate the remainder when 34753 is divided by 17345.
63
Calculate the remainder when 2536544 is divided by 317001.
536
Calculate the remainder when 5044194 is divided by 160.
34
What is the remainder when 376970549 is divided by 523?
517
Calculate the remainder when 602006 is divided by 4.
2
What is the remainder when 1728743 is divided by 607?
7
What is the remainder when 2805089 is divided by 400718?
63
What is the remainder when 14388055 is divided by 1199003?
19
What is the remainder when 23359218 is divided by 7786387?
57
Calculate the remainder when 1796199 is divided by 33.
9
Calculate the remainder when 12525610 is divided by 6262800.
10
What is the remainder when 2976004 is divided by 82?
60
What is the remainder when 26794742 is divided by 487177?
7
Calculate the remainder when 663439587 is divided by 5885.
5882
Calculate the remainder when 914043 is divided by 8463.
39
Calculate the remainder when 502201 is divided by 84.
49
What is the remainder when 6921020 is divided by 13491?
137
What is the remainder when 55798020 is divided by 19?
17
What is the remainder when 233749 is divided by 1890?
1279
What is the remainder when 5728478 is divided by 698?
690
What is the remainder when 197650188 is divided by 24?
12
What is the remainder when 1844078 is divided by 238?
54
What is the remainder when 8725335 is divided by 107?
20
What is the remainder when 1209451 is divided by 302356?
27
Calculate the remainder when 94010 is divided by 1445.
85
What is the remainder when 86859 is divided by 273?
45
Calculate the remainder when 11915 is divided by 10569.
1346
Calculate the remainder when 79332 is divided by 1393.
1324
Calculate the remainder when 18476270 is divided by 173.
43
Calculate the remainder when 14113135 is divided by 4.
3
Calculate the remainder when 272680 is divided by 135243.
2194
What is the remainder when 5023145 is divided by 228?
77
What is the remainder when 2976575 is divided by 36299?
57